 + -19 + -15 - 41?
-41
58 + (-6 - -3 - (8 + -20)) + (-22 - -4)
49
What is the value of 89 - (-54 - (-75 - -42) - 0)?
110
61 + (50 - 120) - 2
-11
Calculate 6 + -20 + 26 + 13 + -2 - 126.
-103
What is -51 + (-1 + 7 - (465 - 465))?
-45
What is the value of (-218 - -227) + (1 - 8 - -56)?
58
Calculate 41 + (-46 - 8) + 47.
34
Evaluate -14 - (-23 + (3 - -11 - -75)).
-80
(3 - 7) + 0 + -69 + 102 + -73
-44
Evaluate 7 + -4 + (14 - (7 - (22 + -12))).
20
What is 18 + (4 - 32) + 19 - -50?
59
What is -220 + 317 + -37 + -4?
56
Calculate (6 + 3 + -4 + 5 - (14 + -7)) + 30.
33
(-10 - (-12 - (-18 + 5)) - -14) + -65
-62
Evaluate -75 - (31 + -49) - -104.
47
Evaluate -4 + (6 - 4) + -19 + -4 + 9.
-16
What is (-148 - -83 - -90) + -65?
-40
What is 44 - (8 + (37 - 50) - (2 - 24))?
27
Calculate (-1 - -9) + (-20 - (61 + -15)) - 14.
-72
What is 12 - (28 + (63 - 97))?
18
Evaluate (8 - (10 - 1) - (2 - 5)) + -118 + 9.
-107
11 + 11 + -13 + 10 - 46
-27
Calculate (61 + 90 - 204) + 123.
70
What is the value of 62 - (52 - 115 - -73)?
52
-6 - (2 + 1 + -26) - (270 - 263)
10
What is the value of (1 - -16) + 5271 + -5228?
60
23 - 10 - (3 - -9) - (26 - (-6 - -5))
-26
Evaluate -6 + (-28 - -37) + -12.
-9
What is the value of (9 + 0 - (-3 + 9)) + -4 - (-32 - 25)?
56
What is 39 + (6 - 3) - (159 + -200)?
83
7 + (-494 - -482) + 12 + -57 + -2 + 2
-50
What is -2 + (95 - (31 - -21))?
41
95 - (-15 - (-5 - (-1 + 0 + 8)))
98
What is the value of 4 + -7 + (8 - 11) + (0 - 60) + -28?
-94
Calculate (-6 - 0) + (-42 - (12 + (-81 - -25))).
-4
Calculate (-84 - -12) + 241 + -241.
-72
What is the value of -8 + 33 + -16 + 2?
11
43 + -49 - (16 + -7 - 0) - -49
34
Evaluate (5 - 5 - -1 - (13 - 14)) + -57.
-55
What is -28 - 7 - (-70 + -95 + 27)?
103
5 + (1 - (8 - -3)) + (61 - 10) + -18
28
What is 2 + 43 - (-30 + 32 + 2 - (1 + 17))?
59
What is the value of (-22 - -29) + (5 - -4 - -4 - 33)?
-13
(39 - (29 - -25)) + 3 + 3 + -23
-32
Evaluate (16 - -4 - 0 - 26) + 16.
10
-11 + (26 - -9 - 26 - 50)
-52
What is the value of (19 + -18 - -1) + 1 + -1 + 3 + 1?
6
What is the value of 21 - 16 - (19 + -11 - (-8 + -7))?
-18
What is the value of -14 + (-5 - (-3 - (-3 + 5)) - (12 + -79))?
53
What is 8 + (131 - 47 - -9)?
101
What is (28 - 15 - 12) + 0 + 2?
3
Evaluate -16 + 10 + 2 + -9 - -2.
-11
81 + -267 + 58 + 75
-53
-8 - (-19 + -1 + 1393 + -1380)
-1
Calculate 5 + -5 + (-55 - (5 + (-3 + 3 - 3))).
-57
Evaluate (7 - -22) + (-6 - (-1 - 17)) + 16 + -24.
33
Evaluate -15 + (-1 - 9) - (137 - 92).
-70
Evaluate -221 - (-200 - (23 + -89)).
-87
What is the value of -12 + -72 + 39 + 11?
-34
What is the value of 22 + -26 + -14 + 13 + (0 - 36)?
-41
Evaluate (-14 - (-21 + 19)) + 9 + -9 + -6 + 99.
81
0 - 8 - ((39 - (76 + -22)) + 34)
-27
(119 - (-5 - -205)) + (21 - -1)
-59
-31 - -18 - -12 - (1 - (4 + 46))
48
What is the value of 30 + -4 + -10 + -15 - (5 + -59)?
55
Calculate (-119 - -41 - -46) + 46.
14
10 + 2 + -4 + 1 - (27 + -74 + 43)
13
What is 3398 + -3411 - ((14 - -1) + -4 + 1)?
-25
What is 0 + (22 - 13) + -3 + 4 + (-41 - 6)?
-37
30 + -15 + (-71 - -19)
-37
What is 5 + -33 + 12 - (-63 - -15)?
32
What is the value of 14 + -1 - ((122 - 5) + (51 - (60 - 23)))?
-118
What is 12 - (-20 - -16 - -8) - ((-2 - -4) + -49)?
55
Evaluate 63 + (85 - 52) + (5 - -3).
104
1 + (0 + 2 - 11 - ((10 - 7) + -47))
36
(7 - -4 - (-9 - -10)) + (-65 - 0 - 0)
-55
0 + 1 + -3 - -55 - (-33 - (-46 + 9))
49
-6 - (-16 + (123 - 78))
-35
10 + (5 - (-2 - (3 + -1)) - (177 - 200))
42
What is -2 + 15 + (-13 - (-13 - 0)) + 20?
33
-151 + 261 + -127 - (-1 + 27)
-43
What is the value of -40 - (-5 - -10 - (7 + -7 - -6))?
-39
What is -5 - ((73 - 2) + 20 + -57)?
-39
Evaluate 25 + (24 - 11) + (73 - 179).
-68
11 - ((-14 - (-16 + 5)) + 61)
-47
69 - (-63 + 38 - -218)
-124
What is the value of -2 + -9 - (-9 + 9 + 10 - 12) - 14?
-23
What is the value of (-8 - 1) + -265 + 260 - (-2 - 8)?
-4
What is (4 - -92) + (-83 - -12)?
25
Calculate 101 + (112 - 266) + -12.
-65
Evaluate (23 - 18 - 8) + -84.
-87
Calculate 3 + (-33 - -17 - -54).
41
What is -20 + 15 + (2 - 21) + 4?
-20
What is the value of -35 - (-33 + 9 + -6)?
-5
Calculate 18 + -18 + (-16 - (-20 + (41 - 17))).
-20
What is 110 - 0 - (-76 - -93) - (0 + (4 - -8))?
81
Evaluate 1 + -8 - (0 + 10 + (342 - 376)).
17
Calculate 53 + (-4 - 1 - ((21 - (-2 + 19)) + -9)).
53
Evaluate 2 + 23 + -61 + 20 + -6.
-22
(108 - -10) + -176 + 84
26
What is (-14 - 14) + (-24 + 16 - -3)?
-33
64 - (99 - -24 - 45)
-14
Calculate (1 - -1 - 14) + (-144 - (68 - 102)) + 13.
-109
Evaluate -112 + (2530 - 2538) + (-1 - (1 - (1 - -2))).
-119
What is the value of -6 + -12 - -31 - (4 + 58 + -6)?
-43
Evaluate -43 + -87 + 128 + -14.
-16
Evaluate -60 + -77 - -115 - (-1 + -51).
30
What is the value of -12 + 21 - (-3 - (-6 - -1))?
7
16 + (10 - -2) + (-27 - (-74 - -59))
16
Evaluate (-30 - -15 - 16) + 7 + -2 + -1.
-27
What is (-23 - -15 - 23) + 96 + -191?
-126
Evaluate -5 + (-18 - -20) + (1 - -10) - -5.
13
What is (-6 - (51 - 32)) + 98 - 11?
62
0 - (39 + 5 - (140 - 71))
25
Evaluate 46 - (-20 + 1) - (7 + 15).
43
Evaluate (69 - 2) + -59 + 26.
34
What is the value of 226 + -212 + (2 - -4 - (-2 - 0))?
22
What is the value of -18 + (-7 + 0 - ((45 - 121) + 72))?
-21
Evaluate -21 + 15 + (0 - ((6 - 5) + 7)) + -3.
-17
What is the value of -1 - ((7 - 80) + -24 + 57)?
39
(2 - -33) + (9 - (28 + 6 + -17))
27
What is 354 - 310 - (1 + 3 + 6 - -2)?
32
Calculate (-10 - 1 - (-115 + 112)) + 2 + 9.
3
What is -192 + 13 - -72 - (-18 - 2)?
-87
Calculate -229 + 219 + -15 + (0 - -60).
35
What is (6 + -3 + -1 - 9) + -2 + (-808 - -865)?
48
Evaluate 462 + -375 - (-21 - -6).
102
Evaluate (-11 - -8) + 32 - 33 - (-44 - -1).
39
1 + 22 - (-200 + (128 - -93))
2
Evaluate (3 - 68) + 250 + -179.
6
Evaluate -120 - (-40 - 72) - (7 + 0) - -88.
73
What is the value of 41 + (-27 + 35 - 7) - (-9 + -3 + 0)?
54
49 + (-16 - (20 + (15 - 17) - 51))
66
(40 - ((14 - 37) + 48)) + -5
10
Calculate -2 + (-12 - ((95 - 87) + -13 + 2)).
-11
Calculate 8 - (144 + -46 + 5 + -51 + 74).
-118
Calculate (0 - 69) + -80 + -39 + 112.
-76
What is the value of 12 + (56 - 71 - -44)?
41
Calculate (431 - 521) + (-4 - -76).
-18
Calculate -67 - -1 - (1198 - 1210).
-54
Evaluate 4 - (-18 - (-72 + 55) - (0 + -44)).
-39
(-12 - (55 - 89)) + 20
42
What is (0 - (11 + -9 + (7 - -50))) + 6?
-53
-59 - (-1 + 8 + (-24 - -20) - (2 + 9))
-51
Evaluate 38 + 1 - (31 + (61 - 171)).
118
-988 - -1010 - (48 - -5)
-31
Evaluate -27 - -59 - ((-38 - -20) + 6).
44
Calculate 9 + -5 + 15 + (-8 - 29).
-18
What is the value of (26 - (-27 + 69) - 17) + 31?
-2
Calculate -42 + (-20 - -111 - 40).
9
What is 3 + (30 - (-1 - -5)) - (-6 - (-9 + 1))?
27
Evaluate (20 - 55) + -21 - -104.
48
What is the value of -57 + 44 + -26 + 29 + -21?
-31
What is the value of (59 + 16 - 63) + 9?
21
-46 - (-43 + -35 + 12)
20
What is (-154 - -29) + (15 - (4 + -5 + -5))?
-104
What is the value of -31 + (22 - (112 + -48))?
-73
0 + 18 + -7 + (8 - -20)
39
What is the value of 1 - 117 - (33 + 58 + -6 + -63)?
-138
What is -49 + (356 + -321 - (-1 - -10))?
-23
Evaluate 65 - (-22 - (-65 - (-22 + 19)) - 24).
49
Evaluate 77 + 4 + (-1 - 8) + (14 + -3 - -1).
84
What is 18 - (37 - ((-22 - -48) + -5))?
2
What is 0 + -8 + 43 + -23 + (56 - 19)?
49
What is (-21 + -14 + 10 - -15 - 56) + 14?
-52
What is 7 + 17 + (26 - -29)?
79
What is 24 - 0 - (204 - 130 - 70)?
20
-2 + (37 - (-25 - -13)) - -3 - (1 + 7)
42
What is (-7 + 19 - 81 - 7) + 9 + (7 - 7)?
-67
What is the value of 35 - -1 - (37984 + -38048)?
100
What is the value of (2 - 1 - 12 - -22) + -6 - 16 - -2?
-9
52 + -10 - ((5 - -2) + (13 - 20))
42
What is 15 + -26 + 9 + -2 + (3 - 16) + 3?
-14
Evaluate -2 + -3 + 8 + -4 - (-516 + 551).
-36
What is the value of (2 - 0) + 12 + (-2 - -8 - (19 + -4))?
5
Calculate 4 - (0 + -15 - (-133 + 14 + 33)).
-67
85 + -148 + 61 - (0 - 1 - 7)
6
Calculate 40 - (-5 - -23 - -36).
-14
-1 + 30 + 30 + -97
-38
What is -53 + 7 + (3 - 25 - (-16 + -19 - -25))?
-58
What is the value of -1 - 1 - (54 + -109 + 79)?
-26
Evaluate -12 + (-12 - -5 - (12 + -30)) + -9 + 89.
79
(20 + 8 - 143) + 30
-85
Calculate (-10 - (2 + 7 + -16)) + -4 + -54.
-61
What is -3 + -31 - -23 - (-3 + 2 + -18)?
8
(-25 - (41 + -62)) + 27
23
-60 + (6 - 5) - (1007 + -1032)
-34
Evaluate 7 + (-36 - -24) + 2 + (-41 - 0).
-44
(54 + -34 - (-41 - -3)) + -26 + (1 - 10)
23
Calculate -3 + -5 + (13 + (31 - 124) - -28